{"id":4964,"date":"2023-10-23T11:47:43","date_gmt":"2023-10-23T09:47:43","guid":{"rendered":"https:\/\/familiengemeinde.ch\/?page_id=4964"},"modified":"2025-12-03T17:05:54","modified_gmt":"2025-12-03T16:05:54","slug":"parcel-of-hope","status":"publish","type":"page","link":"https:\/\/familiengemeinde.ch\/index.php\/parcel-of-hope\/","title":{"rendered":"Parcel of Hope"},"content":{"rendered":"\t\t<div data-elementor-type=\"wp-page\" data-elementor-id=\"4964\" class=\"elementor elementor-4964\" data-elementor-post-type=\"page\">\n\t\t\t\t\t\t<section class=\"elementor-section elementor-top-section elementor-element elementor-element-114a4c9 elementor-section-boxed elementor-section-height-default elementor-section-height-default\" data-id=\"114a4c9\" data-element_type=\"section\" data-e-type=\"section\">\n\t\t\t\t\t\t<div class=\"elementor-container elementor-column-gap-default\">\n\t\t\t\t\t<div class=\"elementor-column elementor-col-100 elementor-top-column elementor-element elementor-element-cf5931a\" data-id=\"cf5931a\" data-element_type=\"column\" data-e-type=\"column\">\n\t\t\t<div class=\"elementor-widget-wrap elementor-element-populated\">\n\t\t\t\t\t\t<div class=\"elementor-element elementor-element-8a06e31 elementor-widget elementor-widget-image\" data-id=\"8a06e31\" data-element_type=\"widget\" data-e-type=\"widget\" data-widget_type=\"image.default\">\n\t\t\t\t<div class=\"elementor-widget-container\">\n\t\t\t\t\t\t\t\t\t\t\t\t\t\t\t<img fetchpriority=\"high\" decoding=\"async\" width=\"1024\" height=\"576\" src=\"https:\/\/familiengemeinde.ch\/wp-content\/uploads\/2025\/12\/Parcel-of-Hope-FGL-2025-1024x576.jpg\" class=\"attachment-large size-large wp-image-5991\" alt=\"\" srcset=\"https:\/\/familiengemeinde.ch\/wp-content\/uploads\/2025\/12\/Parcel-of-Hope-FGL-2025-1024x576.jpg 1024w, https:\/\/familiengemeinde.ch\/wp-content\/uploads\/2025\/12\/Parcel-of-Hope-FGL-2025-300x169.jpg 300w, https:\/\/familiengemeinde.ch\/wp-content\/uploads\/2025\/12\/Parcel-of-Hope-FGL-2025-768x432.jpg 768w, https:\/\/familiengemeinde.ch\/wp-content\/uploads\/2025\/12\/Parcel-of-Hope-FGL-2025-1536x864.jpg 1536w, https:\/\/familiengemeinde.ch\/wp-content\/uploads\/2025\/12\/Parcel-of-Hope-FGL-2025-800x450.jpg 800w, https:\/\/familiengemeinde.ch\/wp-content\/uploads\/2025\/12\/Parcel-of-Hope-FGL-2025.jpg 1920w\" sizes=\"(max-width: 1024px) 100vw, 1024px\" \/>\t\t\t\t\t\t\t\t\t\t\t\t\t\t\t<\/div>\n\t\t\t\t<\/div>\n\t\t\t\t\t<\/div>\n\t\t<\/div>\n\t\t\t\t\t<\/div>\n\t\t<\/section>\n\t\t\t\t<section class=\"elementor-section elementor-top-section elementor-element elementor-element-8d3ae88 elementor-section-boxed elementor-section-height-default elementor-section-height-default\" data-id=\"8d3ae88\" data-element_type=\"section\" data-e-type=\"section\">\n\t\t\t\t\t\t<div class=\"elementor-container elementor-column-gap-default\">\n\t\t\t\t\t<div class=\"elementor-column elementor-col-100 elementor-top-column elementor-element elementor-element-fcde18f\" data-id=\"fcde18f\" data-element_type=\"column\" data-e-type=\"column\">\n\t\t\t<div class=\"elementor-widget-wrap elementor-element-populated\">\n\t\t\t\t\t\t<div class=\"elementor-element elementor-element-5d4fd18 elementor-widget elementor-widget-text-editor\" data-id=\"5d4fd18\" data-element_type=\"widget\" data-e-type=\"widget\" data-widget_type=\"text-editor.default\">\n\t\t\t\t<div class=\"elementor-widget-container\">\n\t\t\t\t\t\t\t\t\t<h2>es ist wieder die Zeit des Jahres, in der wir uns auf das <b>&#8222;<\/b><b>Parcel <\/b><b>of <\/b><b>Hope<\/b><b>&#8222;<\/b> besinnen und teilen m\u00f6chten. In dieser festlichen Saison m\u00f6chten wir herzlich dazu einladen, Teil einer besonderen Aktion zu werden: <b>&#8222;<\/b><b>Parcel<\/b><b> of <\/b><b>Hope<\/b><b>&#8222;<\/b> Weihnachtspakete f\u00fcr die Walachei zu packen.<\/h2><h2>Du hast die M\u00f6glichkeit, auf verschiedene Arten mitzumachen:<\/h2>\t\t\t\t\t\t\t\t<\/div>\n\t\t\t\t<\/div>\n\t\t\t\t\t<\/div>\n\t\t<\/div>\n\t\t\t\t\t<\/div>\n\t\t<\/section>\n\t\t\t\t<section class=\"elementor-section elementor-top-section elementor-element elementor-element-94da6fc elementor-section-boxed elementor-section-height-default elementor-section-height-default\" data-id=\"94da6fc\" data-element_type=\"section\" data-e-type=\"section\">\n\t\t\t\t\t\t<div class=\"elementor-container elementor-column-gap-default\">\n\t\t\t\t\t<div class=\"elementor-column elementor-col-33 elementor-top-column elementor-element elementor-element-7ac6c02\" data-id=\"7ac6c02\" data-element_type=\"column\" data-e-type=\"column\">\n\t\t\t<div class=\"elementor-widget-wrap elementor-element-populated\">\n\t\t\t\t\t\t<div class=\"elementor-element elementor-element-1cbb87f elementor-widget elementor-widget-text-editor\" data-id=\"1cbb87f\" data-element_type=\"widget\" data-e-type=\"widget\" data-widget_type=\"text-editor.default\">\n\t\t\t\t<div class=\"elementor-widget-container\">\n\t\t\t\t\t\t\t\t\t<h2>1.<b> **Sponsoring von Weihnachtspaketen f\u00fcr die Walachei:**<\/b><\/h2><p><span class=\"Apple-converted-space\">\u00a0\u00a0 <\/span>Unterst\u00fctze diese Initiative, indem du ein oder mehrere Pakete f\u00fcr die Bed\u00fcrftigen in der Walachei sponserst. Jeder Betrag hilft dabei, Freude und Hoffnung in die Herzen der Menschen zu bringen. <strong>Preis pro Paket 40.&#8211;<\/strong><\/p>\t\t\t\t\t\t\t\t<\/div>\n\t\t\t\t<\/div>\n\t\t\t\t<div class=\"elementor-element elementor-element-8d4d1e5 elementor-widget elementor-widget-image\" data-id=\"8d4d1e5\" data-element_type=\"widget\" data-e-type=\"widget\" data-widget_type=\"image.default\">\n\t\t\t\t<div class=\"elementor-widget-container\">\n\t\t\t\t\t\t\t\t\t\t\t\t\t\t\t<img decoding=\"async\" width=\"298\" height=\"458\" src=\"https:\/\/familiengemeinde.ch\/wp-content\/uploads\/2023\/02\/Twint-QR-Code.jpg\" class=\"attachment-large size-large wp-image-4086\" alt=\"\" srcset=\"https:\/\/familiengemeinde.ch\/wp-content\/uploads\/2023\/02\/Twint-QR-Code.jpg 298w, https:\/\/familiengemeinde.ch\/wp-content\/uploads\/2023\/02\/Twint-QR-Code-195x300.jpg 195w, https:\/\/familiengemeinde.ch\/wp-content\/uploads\/2023\/02\/Twint-QR-Code-100x154.jpg 100w\" sizes=\"(max-width: 298px) 100vw, 298px\" \/>\t\t\t\t\t\t\t\t\t\t\t\t\t\t\t<\/div>\n\t\t\t\t<\/div>\n\t\t\t\t\t<\/div>\n\t\t<\/div>\n\t\t\t\t<div class=\"elementor-column elementor-col-33 elementor-top-column elementor-element elementor-element-8b3847b\" data-id=\"8b3847b\" data-element_type=\"column\" data-e-type=\"column\">\n\t\t\t<div class=\"elementor-widget-wrap elementor-element-populated\">\n\t\t\t\t\t\t<div class=\"elementor-element elementor-element-b17236e elementor-widget elementor-widget-text-editor\" data-id=\"b17236e\" data-element_type=\"widget\" data-e-type=\"widget\" data-widget_type=\"text-editor.default\">\n\t\t\t\t<div class=\"elementor-widget-container\">\n\t\t\t\t\t\t\t\t\t<h2><b>2<\/b><b>. **Selber kaufen und packen von Paketen:**<\/b><\/h2><p>\u00a0\u00a0 Kaufe die Artikel von der beigef\u00fcgten Liste und packe so viele Pakete, wie du spenden m\u00f6chtest. Deine liebevolle Hand wird sicherlich jemandem ein L\u00e4cheln ins Gesicht zaubern. <strong>Kartons stehen in der FGL bereit.<\/strong><\/p><ul><li>1 kg Mehl\u00a0<\/li><li><span style=\"font-size: 14px; color: var( --e-global-color-text );\">1 kg Reis\u00a0<\/span><\/li><li>1 kg Zucker<\/li><li>1 kg Teigwaren<\/li><li>1 Tafel Schokolade\u00a0<\/li><li>1 P\u00e4ckli Biskuits<\/li><li>500 g Kaffee (gemahlen oder instant)\u00a0<\/li><li>1 Packung Tee\u00a0<\/li><li>1 Tube Zahnpasta\u00a0<\/li><li><span style=\"font-family: Roboto, sans-serif; font-size: 14px; font-style: normal; font-variant-caps: normal;\">1 Zahnb\u00fcrste (originalverpackt)<\/span><\/li><li><span style=\"font-family: Roboto, sans-serif; font-size: 14px; font-style: normal; font-variant-caps: normal;\"><span style=\"font-family: Roboto, sans-serif; font-size: 14px; font-style: normal; font-variant-caps: normal;\">1 Seife (in Alufolie verpackt)<\/span><br \/><\/span><\/li><li><span style=\"font-family: Roboto, sans-serif; font-size: 14px; font-style: normal; font-variant-caps: normal;\"><span style=\"font-family: Roboto, sans-serif; font-size: 14px; font-style: normal; font-variant-caps: normal;\"><span style=\"font-family: Roboto, sans-serif; font-size: 14px; font-style: normal; font-variant-caps: normal;\">1 Shampoo<\/span><br \/><\/span><\/span><\/li><li><span style=\"font-family: Roboto, sans-serif; font-size: 14px; font-style: normal; font-variant-caps: normal;\"><span style=\"font-family: Roboto, sans-serif; font-size: 14px; font-style: normal; font-variant-caps: normal;\"><span style=\"font-family: Roboto, sans-serif; font-size: 14px; font-style: normal; font-variant-caps: normal;\"><span style=\"font-family: Roboto, sans-serif; font-size: 14px; font-style: normal; font-variant-caps: normal;\">1 Pack Schreibpapier<\/span><\/span><\/span><\/span><\/li><li><span style=\"font-family: Roboto, sans-serif; font-size: 14px; font-style: normal; font-variant-caps: normal;\"><span style=\"font-family: Roboto, sans-serif; font-size: 14px; font-style: normal; font-variant-caps: normal;\"><span style=\"font-family: Roboto, sans-serif; font-size: 14px; font-style: normal; font-variant-caps: normal;\"><span style=\"font-family: Roboto, sans-serif; font-size: 14px; font-style: normal; font-variant-caps: normal;\">1 Kugelschreiber<\/span><br \/><\/span><\/span><\/span><\/li><li><span style=\"font-family: Roboto, sans-serif; font-size: 14px; font-style: normal; font-variant-caps: normal;\"><span style=\"font-family: Roboto, sans-serif; font-size: 14px; font-style: normal; font-variant-caps: normal;\"><span style=\"font-family: Roboto, sans-serif; font-size: 14px; font-style: normal; font-variant-caps: normal;\"><span style=\"font-family: Roboto, sans-serif; font-size: 14px; font-style: normal; font-variant-caps: normal;\"><span style=\"font-family: Roboto, sans-serif; font-size: 14px; font-style: normal; font-variant-caps: normal;\">1 kleines Kinderspielzeug<\/span><br \/><\/span><\/span><\/span><\/span><\/li><li><span style=\"font-family: Roboto, sans-serif; font-size: 14px; font-style: normal; font-variant-caps: normal;\"><span style=\"font-family: Roboto, sans-serif; font-size: 14px; font-style: normal; font-variant-caps: normal;\"><span style=\"font-family: Roboto, sans-serif; font-size: 14px; font-style: normal; font-variant-caps: normal;\"><span style=\"font-family: Roboto, sans-serif; font-size: 14px; font-style: normal; font-variant-caps: normal;\"><span style=\"font-family: Roboto, sans-serif; font-size: 14px; font-style: normal; font-variant-caps: normal;\"><span style=\"font-family: Roboto, sans-serif; font-size: 14px; font-style: normal; font-variant-caps: normal;\">1 Schal oder M\u00fctze<\/span><br \/><\/span><\/span><\/span><\/span><\/span><\/li><li><span style=\"font-family: Roboto, sans-serif; font-size: 14px; font-style: normal; font-variant-caps: normal;\"><span style=\"font-family: Roboto, sans-serif; font-size: 14px; font-style: normal; font-variant-caps: normal;\"><span style=\"font-family: Roboto, sans-serif; font-size: 14px; font-style: normal; font-variant-caps: normal;\"><span style=\"font-family: Roboto, sans-serif; font-size: 14px; font-style: normal; font-variant-caps: normal;\"><span style=\"font-family: Roboto, sans-serif; font-size: 14px; font-style: normal; font-variant-caps: normal;\"><span style=\"font-family: Roboto, sans-serif; font-size: 14px; font-style: normal; font-variant-caps: normal;\"><span style=\"font-family: Roboto, sans-serif; font-size: 14px; font-style: normal; font-variant-caps: normal;\">1 Stumpenkerze und Z\u00fcndh\u00f6lzer<\/span><br \/><\/span><\/span><\/span><\/span><\/span><\/span><\/li><\/ul>\t\t\t\t\t\t\t\t<\/div>\n\t\t\t\t<\/div>\n\t\t\t\t\t<\/div>\n\t\t<\/div>\n\t\t\t\t<div class=\"elementor-column elementor-col-33 elementor-top-column elementor-element elementor-element-c942fff\" data-id=\"c942fff\" data-element_type=\"column\" data-e-type=\"column\">\n\t\t\t<div class=\"elementor-widget-wrap elementor-element-populated\">\n\t\t\t\t\t\t<div class=\"elementor-element elementor-element-3ecdecf elementor-widget elementor-widget-text-editor\" data-id=\"3ecdecf\" data-element_type=\"widget\" data-e-type=\"widget\" data-widget_type=\"text-editor.default\">\n\t\t\t\t<div class=\"elementor-widget-container\">\n\t\t\t\t\t\t\t\t\t<h2>3.<b> **Teilnahme am gemeinsamen Packen:**<\/b><\/h2><p><span class=\"Apple-converted-space\">\u00a0\u00a0 <\/span>Komm am<strong> 26. November<\/strong> in unseren Gottesdienst und bleibe anschlie\u00dfend dabei, wenn wir gemeinsam Weihnachtspakete f\u00fcr die Walachei packen. Deine Hilfe ist unsch\u00e4tzbar wertvoll und wird einen Unterschied machen.<\/p>\t\t\t\t\t\t\t\t<\/div>\n\t\t\t\t<\/div>\n\t\t\t\t\t<\/div>\n\t\t<\/div>\n\t\t\t\t\t<\/div>\n\t\t<\/section>\n\t\t\t\t<section class=\"elementor-section elementor-top-section elementor-element elementor-element-ae42b4b elementor-section-boxed elementor-section-height-default elementor-section-height-default\" data-id=\"ae42b4b\" data-element_type=\"section\" data-e-type=\"section\">\n\t\t\t\t\t\t<div class=\"elementor-container elementor-column-gap-default\">\n\t\t\t\t\t<div class=\"elementor-column elementor-col-100 elementor-top-column elementor-element elementor-element-1a2b0ee\" data-id=\"1a2b0ee\" data-element_type=\"column\" data-e-type=\"column\">\n\t\t\t<div class=\"elementor-widget-wrap elementor-element-populated\">\n\t\t\t\t\t\t<div class=\"elementor-element elementor-element-323f65b elementor-widget elementor-widget-button\" data-id=\"323f65b\" data-element_type=\"widget\" data-e-type=\"widget\" data-widget_type=\"button.default\">\n\t\t\t\t<div class=\"elementor-widget-container\">\n\t\t\t\t\t\t\t\t\t<div class=\"elementor-button-wrapper\">\n\t\t\t\t\t<a class=\"elementor-button elementor-button-link elementor-size-sm\" href=\"https:\/\/familiengemeinde.ch\/wp-content\/uploads\/2025\/12\/Parcel-of-Hope-2025.pdf\">\n\t\t\t\t\t\t<span class=\"elementor-button-content-wrapper\">\n\t\t\t\t\t\t\t\t\t<span class=\"elementor-button-text\">PDF Flyer zum Download<\/span>\n\t\t\t\t\t<\/span>\n\t\t\t\t\t<\/a>\n\t\t\t\t<\/div>\n\t\t\t\t\t\t\t\t<\/div>\n\t\t\t\t<\/div>\n\t\t\t\t\t<\/div>\n\t\t<\/div>\n\t\t\t\t\t<\/div>\n\t\t<\/section>\n\t\t\t\t<\/div>\n\t\t","protected":false},"excerpt":{"rendered":"<p>es ist wieder die Zeit des Jahres, in der wir uns auf das &#8222;Parcel of Hope&#8222; besinnen und teilen m\u00f6chten. In dieser festlichen Saison m\u00f6chten wir herzlich dazu einladen, Teil einer besonderen Aktion zu werden: &#8222;Parcel of Hope&#8222; Weihnachtspakete f\u00fcr die Walachei zu packen. Du hast die M\u00f6glichkeit, auf verschiedene Arten mitzumachen: 1. **Sponsoring von [&hellip;]<\/p>\n","protected":false},"author":1,"featured_media":0,"parent":0,"menu_order":0,"comment_status":"closed","ping_status":"closed","template":"","meta":{"footnotes":""},"class_list":["post-4964","page","type-page","status-publish","hentry","entry"],"yoast_head":"<!-- This site is optimized with the Yoast SEO plugin v27.6 - https:\/\/yoast.com\/product\/yoast-seo-wordpress\/ -->\n<title>Parcel of Hope - Familiengemeinde<\/title>\n<meta name=\"robots\" content=\"index, follow, max-snippet:-1, max-image-preview:large, max-video-preview:-1\" \/>\n<link rel=\"canonical\" href=\"https:\/\/familiengemeinde.ch\/index.php\/parcel-of-hope\/\" \/>\n<meta property=\"og:locale\" content=\"de_DE\" \/>\n<meta property=\"og:type\" content=\"article\" \/>\n<meta property=\"og:title\" content=\"Parcel of Hope - Familiengemeinde\" \/>\n<meta property=\"og:description\" content=\"es ist wieder die Zeit des Jahres, in der wir uns auf das &#8222;Parcel of Hope&#8222; besinnen und teilen m\u00f6chten. In dieser festlichen Saison m\u00f6chten wir herzlich dazu einladen, Teil einer besonderen Aktion zu werden: &#8222;Parcel of Hope&#8222; Weihnachtspakete f\u00fcr die Walachei zu packen. Du hast die M\u00f6glichkeit, auf verschiedene Arten mitzumachen: 1. **Sponsoring von [&hellip;]\" \/>\n<meta property=\"og:url\" content=\"https:\/\/familiengemeinde.ch\/index.php\/parcel-of-hope\/\" \/>\n<meta property=\"og:site_name\" content=\"Familiengemeinde\" \/>\n<meta property=\"article:modified_time\" content=\"2025-12-03T16:05:54+00:00\" \/>\n<meta property=\"og:image\" content=\"https:\/\/familiengemeinde.ch\/wp-content\/uploads\/2025\/12\/Parcel-of-Hope-FGL-2025.jpg\" \/>\n\t<meta property=\"og:image:width\" content=\"1920\" \/>\n\t<meta property=\"og:image:height\" content=\"1080\" \/>\n\t<meta property=\"og:image:type\" content=\"image\/jpeg\" \/>\n<meta name=\"twitter:card\" content=\"summary_large_image\" \/>\n<meta name=\"twitter:label1\" content=\"Gesch\u00e4tzte Lesezeit\" \/>\n\t<meta name=\"twitter:data1\" content=\"2\u00a0Minuten\" \/>\n<script type=\"application\/ld+json\" class=\"yoast-schema-graph\">{\"@context\":\"https:\\\/\\\/schema.org\",\"@graph\":[{\"@type\":\"WebPage\",\"@id\":\"https:\\\/\\\/familiengemeinde.ch\\\/index.php\\\/parcel-of-hope\\\/\",\"url\":\"https:\\\/\\\/familiengemeinde.ch\\\/index.php\\\/parcel-of-hope\\\/\",\"name\":\"Parcel of Hope - Familiengemeinde\",\"isPartOf\":{\"@id\":\"https:\\\/\\\/familiengemeinde.ch\\\/#website\"},\"primaryImageOfPage\":{\"@id\":\"https:\\\/\\\/familiengemeinde.ch\\\/index.php\\\/parcel-of-hope\\\/#primaryimage\"},\"image\":{\"@id\":\"https:\\\/\\\/familiengemeinde.ch\\\/index.php\\\/parcel-of-hope\\\/#primaryimage\"},\"thumbnailUrl\":\"https:\\\/\\\/familiengemeinde.ch\\\/wp-content\\\/uploads\\\/2025\\\/12\\\/Parcel-of-Hope-FGL-2025-1024x576.jpg\",\"datePublished\":\"2023-10-23T09:47:43+00:00\",\"dateModified\":\"2025-12-03T16:05:54+00:00\",\"breadcrumb\":{\"@id\":\"https:\\\/\\\/familiengemeinde.ch\\\/index.php\\\/parcel-of-hope\\\/#breadcrumb\"},\"inLanguage\":\"de\",\"potentialAction\":[{\"@type\":\"ReadAction\",\"target\":[\"https:\\\/\\\/familiengemeinde.ch\\\/index.php\\\/parcel-of-hope\\\/\"]}]},{\"@type\":\"ImageObject\",\"inLanguage\":\"de\",\"@id\":\"https:\\\/\\\/familiengemeinde.ch\\\/index.php\\\/parcel-of-hope\\\/#primaryimage\",\"url\":\"https:\\\/\\\/familiengemeinde.ch\\\/wp-content\\\/uploads\\\/2025\\\/12\\\/Parcel-of-Hope-FGL-2025.jpg\",\"contentUrl\":\"https:\\\/\\\/familiengemeinde.ch\\\/wp-content\\\/uploads\\\/2025\\\/12\\\/Parcel-of-Hope-FGL-2025.jpg\",\"width\":1920,\"height\":1080},{\"@type\":\"BreadcrumbList\",\"@id\":\"https:\\\/\\\/familiengemeinde.ch\\\/index.php\\\/parcel-of-hope\\\/#breadcrumb\",\"itemListElement\":[{\"@type\":\"ListItem\",\"position\":1,\"name\":\"Startseite\",\"item\":\"https:\\\/\\\/familiengemeinde.ch\\\/\"},{\"@type\":\"ListItem\",\"position\":2,\"name\":\"Parcel of Hope\"}]},{\"@type\":\"WebSite\",\"@id\":\"https:\\\/\\\/familiengemeinde.ch\\\/#website\",\"url\":\"https:\\\/\\\/familiengemeinde.ch\\\/\",\"name\":\"Familiengemeinde Langenthal\",\"description\":\"Freikirche in Langenthal\",\"publisher\":{\"@id\":\"https:\\\/\\\/familiengemeinde.ch\\\/#organization\"},\"potentialAction\":[{\"@type\":\"SearchAction\",\"target\":{\"@type\":\"EntryPoint\",\"urlTemplate\":\"https:\\\/\\\/familiengemeinde.ch\\\/?s={search_term_string}\"},\"query-input\":{\"@type\":\"PropertyValueSpecification\",\"valueRequired\":true,\"valueName\":\"search_term_string\"}}],\"inLanguage\":\"de\"},{\"@type\":\"Organization\",\"@id\":\"https:\\\/\\\/familiengemeinde.ch\\\/#organization\",\"name\":\"Familiengemeinde Langenthal\",\"url\":\"https:\\\/\\\/familiengemeinde.ch\\\/\",\"logo\":{\"@type\":\"ImageObject\",\"inLanguage\":\"de\",\"@id\":\"https:\\\/\\\/familiengemeinde.ch\\\/#\\\/schema\\\/logo\\\/image\\\/\",\"url\":\"https:\\\/\\\/familiengemeinde.ch\\\/wp-content\\\/uploads\\\/2015\\\/10\\\/familiengemeinde_logo-2.png\",\"contentUrl\":\"https:\\\/\\\/familiengemeinde.ch\\\/wp-content\\\/uploads\\\/2015\\\/10\\\/familiengemeinde_logo-2.png\",\"width\":1868,\"height\":384,\"caption\":\"Familiengemeinde Langenthal\"},\"image\":{\"@id\":\"https:\\\/\\\/familiengemeinde.ch\\\/#\\\/schema\\\/logo\\\/image\\\/\"}}]}<\/script>\n<!-- \/ Yoast SEO plugin. -->","yoast_head_json":{"title":"Parcel of Hope - Familiengemeinde","robots":{"index":"index","follow":"follow","max-snippet":"max-snippet:-1","max-image-preview":"max-image-preview:large","max-video-preview":"max-video-preview:-1"},"canonical":"https:\/\/familiengemeinde.ch\/index.php\/parcel-of-hope\/","og_locale":"de_DE","og_type":"article","og_title":"Parcel of Hope - Familiengemeinde","og_description":"es ist wieder die Zeit des Jahres, in der wir uns auf das &#8222;Parcel of Hope&#8222; besinnen und teilen m\u00f6chten. In dieser festlichen Saison m\u00f6chten wir herzlich dazu einladen, Teil einer besonderen Aktion zu werden: &#8222;Parcel of Hope&#8222; Weihnachtspakete f\u00fcr die Walachei zu packen. Du hast die M\u00f6glichkeit, auf verschiedene Arten mitzumachen: 1. **Sponsoring von [&hellip;]","og_url":"https:\/\/familiengemeinde.ch\/index.php\/parcel-of-hope\/","og_site_name":"Familiengemeinde","article_modified_time":"2025-12-03T16:05:54+00:00","og_image":[{"width":1920,"height":1080,"url":"https:\/\/familiengemeinde.ch\/wp-content\/uploads\/2025\/12\/Parcel-of-Hope-FGL-2025.jpg","type":"image\/jpeg"}],"twitter_card":"summary_large_image","twitter_misc":{"Gesch\u00e4tzte Lesezeit":"2\u00a0Minuten"},"schema":{"@context":"https:\/\/schema.org","@graph":[{"@type":"WebPage","@id":"https:\/\/familiengemeinde.ch\/index.php\/parcel-of-hope\/","url":"https:\/\/familiengemeinde.ch\/index.php\/parcel-of-hope\/","name":"Parcel of Hope - Familiengemeinde","isPartOf":{"@id":"https:\/\/familiengemeinde.ch\/#website"},"primaryImageOfPage":{"@id":"https:\/\/familiengemeinde.ch\/index.php\/parcel-of-hope\/#primaryimage"},"image":{"@id":"https:\/\/familiengemeinde.ch\/index.php\/parcel-of-hope\/#primaryimage"},"thumbnailUrl":"https:\/\/familiengemeinde.ch\/wp-content\/uploads\/2025\/12\/Parcel-of-Hope-FGL-2025-1024x576.jpg","datePublished":"2023-10-23T09:47:43+00:00","dateModified":"2025-12-03T16:05:54+00:00","breadcrumb":{"@id":"https:\/\/familiengemeinde.ch\/index.php\/parcel-of-hope\/#breadcrumb"},"inLanguage":"de","potentialAction":[{"@type":"ReadAction","target":["https:\/\/familiengemeinde.ch\/index.php\/parcel-of-hope\/"]}]},{"@type":"ImageObject","inLanguage":"de","@id":"https:\/\/familiengemeinde.ch\/index.php\/parcel-of-hope\/#primaryimage","url":"https:\/\/familiengemeinde.ch\/wp-content\/uploads\/2025\/12\/Parcel-of-Hope-FGL-2025.jpg","contentUrl":"https:\/\/familiengemeinde.ch\/wp-content\/uploads\/2025\/12\/Parcel-of-Hope-FGL-2025.jpg","width":1920,"height":1080},{"@type":"BreadcrumbList","@id":"https:\/\/familiengemeinde.ch\/index.php\/parcel-of-hope\/#breadcrumb","itemListElement":[{"@type":"ListItem","position":1,"name":"Startseite","item":"https:\/\/familiengemeinde.ch\/"},{"@type":"ListItem","position":2,"name":"Parcel of Hope"}]},{"@type":"WebSite","@id":"https:\/\/familiengemeinde.ch\/#website","url":"https:\/\/familiengemeinde.ch\/","name":"Familiengemeinde Langenthal","description":"Freikirche in Langenthal","publisher":{"@id":"https:\/\/familiengemeinde.ch\/#organization"},"potentialAction":[{"@type":"SearchAction","target":{"@type":"EntryPoint","urlTemplate":"https:\/\/familiengemeinde.ch\/?s={search_term_string}"},"query-input":{"@type":"PropertyValueSpecification","valueRequired":true,"valueName":"search_term_string"}}],"inLanguage":"de"},{"@type":"Organization","@id":"https:\/\/familiengemeinde.ch\/#organization","name":"Familiengemeinde Langenthal","url":"https:\/\/familiengemeinde.ch\/","logo":{"@type":"ImageObject","inLanguage":"de","@id":"https:\/\/familiengemeinde.ch\/#\/schema\/logo\/image\/","url":"https:\/\/familiengemeinde.ch\/wp-content\/uploads\/2015\/10\/familiengemeinde_logo-2.png","contentUrl":"https:\/\/familiengemeinde.ch\/wp-content\/uploads\/2015\/10\/familiengemeinde_logo-2.png","width":1868,"height":384,"caption":"Familiengemeinde Langenthal"},"image":{"@id":"https:\/\/familiengemeinde.ch\/#\/schema\/logo\/image\/"}}]}},"_links":{"self":[{"href":"https:\/\/familiengemeinde.ch\/index.php\/wp-json\/wp\/v2\/pages\/4964","targetHints":{"allow":["GET"]}}],"collection":[{"href":"https:\/\/familiengemeinde.ch\/index.php\/wp-json\/wp\/v2\/pages"}],"about":[{"href":"https:\/\/familiengemeinde.ch\/index.php\/wp-json\/wp\/v2\/types\/page"}],"author":[{"embeddable":true,"href":"https:\/\/familiengemeinde.ch\/index.php\/wp-json\/wp\/v2\/users\/1"}],"replies":[{"embeddable":true,"href":"https:\/\/familiengemeinde.ch\/index.php\/wp-json\/wp\/v2\/comments?post=4964"}],"version-history":[{"count":24,"href":"https:\/\/familiengemeinde.ch\/index.php\/wp-json\/wp\/v2\/pages\/4964\/revisions"}],"predecessor-version":[{"id":5997,"href":"https:\/\/familiengemeinde.ch\/index.php\/wp-json\/wp\/v2\/pages\/4964\/revisions\/5997"}],"wp:attachment":[{"href":"https:\/\/familiengemeinde.ch\/index.php\/wp-json\/wp\/v2\/media?parent=4964"}],"curies":[{"name":"wp","href":"https:\/\/api.w.org\/{rel}","templated":true}]}}